posite number?
True
Suppose -5*f + 6 = -24. Suppose 0*b = -3*b + f. Suppose 656 = p + b*v, -3*p + v + 3313 = 2*p. Is p prime?
False
Let o = 7566 + -4990. Suppose -3*s + s - 2*u + o = 0, 3*s - 3*u - 3882 = 0. Is s composite?
False
Let x be ((-1)/3)/(-1)*0/(-5). Suppose x = -5*t - r - 535, -545 = 6*t - t - r. Is 7258/14 + -1 + t/252 a composite number?
True
Suppose 182*v - 5*u = 186*v - 406533, 0 = 2*v + 2*u - 203264. Is v a prime number?
True
Let m be -4 + 13/((-52)/440). Let j = m - -128. Let p(z) = 44*z - 63. Is p(j) a prime number?
False
Let n(t) = 3*t**2 - 7*t - 178. Let d be n(21). Suppose -d = -2*r + 1716. Is r composite?
True
Let n(w) = -12*w**2 - 74*w + 2. Let j be n(-6). Suppose 28*u + j*u - 766542 = 0. Is u a prime number?
True
Let q(j) be the second derivative of j**5/5 + j**4/3 - 4*j**3/3 + 61*j**2/2 + 28*j. Is q(12) a composite number?
True
Let j(m) = 2*m**2 - 9*m + 12. Let d(a) = 5*a - 19. Let r be d(6). Let v be j(r). Let o = v + 98. Is o a prime number?
False
Suppose -3*a + 572927 = -84*l + 88*l, 3*a - 6*l - 572907 = 0. Is a composite?
True
Let v(i) = 205*i**3 - 85*i**2 + 44*i - 19. Is v(10) composite?
True
Suppose 98 = -4*f + 98. Suppose -y = 3*x - 1253, f = -0*y + 3*y - 2*x - 3781. Is y composite?
False
Let n(k) = k**3 + 2*k**2 + 2*k + 3987. Let c be (-2)/9 + (-4)/(-18). Let i be n(c). Suppose -5*j + i = -308. Is j prime?
True
Let j = 12539 - 7259. Suppose -6*o - j = -12*o. Suppose 5*m = o + 625. Is m a composite number?
True
Is (536/(-670))/((-24)/65508690) composite?
True
Let b = 4237 + 222190. Is b a composite number?
False
Suppose -4*r + 7*h - 9*h + 14 = 0, -2*r + 13 = -h. Let s(b) = 152*b**2 + b + 12. Is s(r) composite?
True
Let c = 246 + -38. Is (-23336)/2*(-52)/c prime?
True
Let b be (67/(-2) - 1)*(-636)/954. Let v(z) be the second derivative of 23*z**3/6 + 18*z**2 - 2*z. Is v(b) prime?
False
Let z be (-2)/(-4)*(7 + 211). Let p be z/(-1 + (-2)/(-1)). Suppose -2286 = -5*o + p. Is o prime?
True
Let c(i) = i**3 - 54*i**2 + 259*i + 49. Is c(50) composite?
False
Let o be (-4)/(1 - -1) + (68 - 63). Suppose 21354 = -g + 6*g - o*u, 4*u + 4281 = g. Is g prime?
False
Suppose -18*w + 91480 = -10*w. Let k = w - 5176. Is k a composite number?
True
Suppose 646*p - 2722 = 644*p. Let x = 612 + -1179. Let g = x + p. Is g a prime number?
False
Let p(i) be the third derivative of -184*i**6/15 - i**5/30 + i**3/6 - 11*i**2. Suppose -4*h + 2*m - 15 = h, -m = h - 4. Is p(h) a composite number?
False
Suppose v + 5*k = 46916 + 61635, 12*v - 2*k = 1302860. Is v composite?
False
Let o be (-2)/(-2)*1*(-560)/(-16). Suppose 39*a - o*a = -2140. Let z = a - -874. Is z a composite number?
True
Let t be (1 + -1)/(18 + -16). Let o(i) = -7*i + 203. Is o(t) prime?
False
Let m be (4 - 5/2) + 3/2. Suppose m*y + 300 = 9*y. Suppose -37 - 4 = -o - 4*u, -o - u = -y. Is o composite?
False
Let u(g) = 16917*g**2 - 259*g + 1315. Is u(5) a composite number?
True
Let a be (2/6)/((-13)/234). Let b(r) = -1327*r + 47. Is b(a) prime?
True
Let h be 6*-4*1264/(-192). Let z = -214 + 90. Let r = h + z. Is r composite?
True
Is (0 - 3 - -2)*(-19 + -120214) composite?
False
Let y = -307918 + 448541. Is y a composite number?
True
Suppose 0 = -13*j - 11*j - 72. Is 941735/69 + ((-8)/j)/4 composite?
False
Suppose -h + 2*b = -7, 0 = -3*b + 4*b + 1. Suppose -h*c = -13 - 7. Suppose -c*g = 5*t + 258 - 1731, -2*g = -3*t + 875. Is t a prime number?
True
Let u(w) = 19255*w**3 - w**2 + 1. Let p be u(1). Suppose -2*v - 5*s = -12829, 3*v - p = 3*s + s. Let g = 14770 - v. Is g prime?
True
Let a(r) = -10139*r + 1560. Is a(-7) composite?
False
Let m = -13709 + 34524. Suppose 7*h = m + 35136. Is h a prime number?
True
Is ((-43)/(-86))/(2346865/(-2346866) + 1) composite?
False
Let i(o) = -o**3 + 9*o**2 - 3. Let a be i(6). Let t = 110 - a. Suppose 0 = -d + 6*g - 2*g + 954, -t*d = -g - 4865. Is d composite?
True
Is (-2072)/444 + (-4369488)/(-9) a prime number?
False
Let z = 148634 + -80305. Is z a prime number?
True
Suppose -u - 123 = 2*v, -3*u - 189 = 27*v - 24*v. Is (-21711)/(-4)*v/(-45) a composite number?
False
Let y(c) = c**2 - 3*c. Let z be y(2). Let o be 140/30 + z/(-6). Suppose 0*r = -4*a - o*r + 2683, -4*a + 3*r = -2659. Is a composite?
True
Suppose -4266175 = 10159*r - 10164*r. Is r composite?
True
Let o(j) = -15 - 13*j + 0 - 23*j**2 - 1 + 3 + j**3. Is o(24) a composite number?
False
Let d = -978 - -4199. Is d a composite number?
False
Suppose -5*d - 3*q = 238, 180 = -4*d + 7*q - 12*q. Let l = -45 - d. Is (-3)/(l/(-6135)*3) a composite number?
True
Let h = 1396 - 175. Suppose 7*i - 8*i + h = -5*p, -i + 4*p + 1217 = 0. Is i a prime number?
True
Let t = -11 - -7. Let k be 169/(-5) - t/100*-5. Let w = 140 + k. Is w composite?
True
Suppose 2*h - 30437 = 3*g, g = 2*g - 2*h + 10147. Let o = g + 15992. Is o prime?
False
Let r(q) = 3*q - 25. Let w be r(11). Suppose 0*x = w*x - 40. Is (1*x)/((-19)/(-589)) a composite number?
True
Suppose 21*b + 36 = 33*b. Let y(m) = -1675*m. Let p be y(-3). Suppose s - 1682 = -3*d, -b*s + p = 2*d - 0*d. Is s composite?
True
Let y = 293808 - 160975. Is y a composite number?
False
Suppose 8*l - 4*l = -3*w - 928, 0 = 4*w - 16. Is (l/(-141))/((-2516)/2517 + 1) a composite number?
True
Is (-19 - (27 - 43)) + 426986 composite?
True
Let k be 6/(-15) + 0 + (-32808)/(-20). Suppose -4341 = -5*v - 3*w + k, -3577 = -3*v + 4*w. Is v a prime number?
False
Suppose -1 - 2 = -3*a. Let n be 4/(a + -2 + 3). Suppose v = -n, -v - v - 374 = -5*o. Is o a composite number?
True
Let h = 32261 + -21018. Let y = h + -7750. Is y a prime number?
False
Let u(r) = -2*r - 3 - 3*r**2 - 3*r**2 + 9*r**2 + 10*r. Let p be u(-11). Let n = 535 - p. Is n prime?
True
Let t(j) = 878326*j**3 - j**2 - 3*j - 6. Let z be t(2). Is ((-6)/8)/((-276)/z) prime?
False
Suppose k = -4*d + 3*d - 190, -757 = 4*d + k. Let f = d - -621. Let w = f + -93. Is w a prime number?
False
Is (-158664)/(-6) - ((-10)/(-35) - 10/(-14)) a prime number?
False
Suppose -3*j = -4*a + 2506013, -2358*j = 5*a - 2363*j - 3132510. Is a a composite number?
True
Suppose 355558 - 163485 + 163321 = 13*w. Is w a prime number?
False
Suppose -3*t - 3*s = -748764, 0 = 5*t - 5*s - 1084980 - 163010. Is t a composite number?
False
Let l = -17990 - -75153. Is l a prime number?
True
Let t(h) = h**3 + 2*h**2 - 2*h + 1. Let r be t(1). Is (4/(36/6639))/(r/6) a prime number?
True
Let r be ((-38)/6 + 6)*-27. Suppose 0 = -r*p + 168047 - 28142. Is p a composite number?
True
Is 15/(525/(-14)) + (-1880514)/(-10) composite?
True
Is ((-524)/4)/((0 - -1) + (-270)/267) composite?
True
Let k(p) = p**3 + 4*p**2 + 5*p - 1. Let v be k(-9). Let c be (5 + v)/(3 + (-62)/20). Is ((-6)/(-5))/(8/c) prime?
False
Suppose d - 5*d = i + 17957, -i - 2*d - 17947 = 0. Let w = -8582 - i. Is w composite?
True
Let q be (146*54/16)/((-18)/(-48)). Suppose -4*d - 5266 = -4*u - 2*d, u - d = q. Is u a composite number?
False
Suppose -65*n + 675500 = -3090795. Is n a composite number?
False
Let z(u) = 10706*u**3 + 11*u**2 - 25*u - 11. Is z(5) a composite number?
True
Let m(h) be the first derivative of -33*h**2/2 + 2*h - 1. Let o be m(-9). Let u = -150 + o. Is u a prime number?
True
Let n = -558456 + 1049491. Is n a composite number?
True
Let z(x) = 10 - x**2 + 59*x - 17*x - 27*x - 31*x. Let s be -12*(-1 - (-14)/6). Is z(s) a prime number?
False
Let d = 301 - 301. Suppose d = 17*k - 14*k - 24789. Is k prime?
True
Let y(x) = 12*x - 562764*x**2 + 562757*x**2 + 3*x**3 - 2 + 1. Let f = -6 + 11. Is y(f) prime?
False
Suppose 68*x - 18711389 = -8862689 + 12303592. Is x a composite number?
False
Let c(x) = x**2 + 7*x + 10. Let v be c(-5). Let h(l) = 2*l + 6. Let d be h(v). Suppose -4*g + 531 = b, d*b = -4*g + b + 527. Is g composite?
True
Let j = -63221 - -159268. Is j a composite number?
True
Let r(q) = 49*q**2 + 8*q + 67. Let k = 44 - 49. Let z(g) = -24*g**2 - 4*g - 33. Let t(n) = k*z(n) - 2*r(n). Is t(7) prime?
False
Suppose 0 = -0*o + 8*o. Let y be (o/(1 + 2))/(-1). Suppose 5*w - 16*w + 7117 = y. Is w a prime number?
True
Let f(s) = -6960*s - 2471. Is f(-41) a prime number?
True
Let g = 654372 - 206533. Is g prime?
False
Let g(n) = -n**3 + 12*n**2 - 20*n + 5. Let r be g(10). Suppose r*d - 21610 = -3*f, -2*d + 8644 = 5*f - f. Is d prime?
False
Let a be ((7 - 9) + 3)*-5167. Let w = 8024 + a. Is 